 - 2159*t**2 + 0 + 6*t + 2. What is y(-2)?
-3
Let x = 89 - 87. Suppose 0 = 5*g + x*u + 43, 5*u - 14 + 13 = 3*g. Let o(w) = -w**2 - 7*w - 2. Determine o(g).
-2
Let f(u) = u**2 + 6*u - 1. Let l be f(-5). Let b(p) be the first derivative of 1 - 4*p + 96 - 192 + p**2. Determine b(l).
-16
Let h(c) = 21*c - 160. Let a be h(8). Let u be (-140)/63*-3*6/a. Let z(w) = -2 + 2*w - 3*w + 2*w + 5. Calculate z(u).
8
Let h be ((-13)/3 - (-10)/(-18 - 12)) + 5. Let p(i) be the first derivative of 4*i - 6 + 2*i**2 - h*i**3. Give p(4).
4
Let l(q) = -8*q - 10*q**2 - 7*q - q**3 - q. Let v be l(-8). Let x(d) = -2*d + v*d + 2 + 3*d. Give x(-6).
-4
Suppose -5*d - 2*n = -4*n - 20, 4*d - 4*n - 4 = 0. Let j(w) = -d*w - 2*w + 12 + 10*w - 3 + 5*w. Determine j(-2).
-5
Let y(d) = 11*d + 71. Let u(j) = 133*j + 3053. Let x be u(-23). Give y(x).
5
Let f(j) = -2*j**2 + 71*j - 30. Suppose 6*r = 8*r + 15*r - 595. Calculate f(r).
5
Let q(g) = -29*g**2 + 12*g + 21. Let n(m) = -6*m**2 + 3*m + 5. Let l(y) = 9*n(y) - 2*q(y). Calculate l(-3).
30
Let r(w) = -6 - 2 - 415*w + w**2 + 830*w - 419*w. What is r(-3)?
13
Let g(d) = -3*d - 4. Suppose -9*j + 7579 = 7552. Calculate g(j).
-13
Let m be (-2)/(16/(-759)) + 73/584. Let x = 97 - m. Let n(s) = s. Let g(h) = -h - 1. Let w(y) = 2*g(y) + 3*n(y). What is w(x)?
0
Let y(t) = t**2 - 12*t - 1. Let l be ((-408)/16)/(6/(-4)). Let v be l + (-2)/4*14. Calculate y(v).
-21
Let l(i) be the second derivative of -4/3*i**3 - 13/2*i**2 + 224*i + 0. Give l(-2).
3
Suppose 119*m + 6*t = 120*m + 11, -4*m = -4*t + 24. Let l(g) = -g**3 + 16*g**2 + 106*g + 9. What is l(m)?
4
Let k = -306 + 334. Suppose 0 = -k*g + 24*g + 12. Let a(v) = v - 10. Calculate a(g).
-7
Let g(h) = -h**2 - h - 2. Let l(o) be the first derivative of -o**4/4 - o**3 + 5*o**2/2 + 9*o - 15. Let n(k) = -4*g(k) - l(k). Calculate n(-7).
6
Let p be (-2 - (1 + -11)) + -4. Let z be p/(-7) + 8/14. Let b(l) = -7 + z*l - 5*l + 4*l + 0*l. Give b(-9).
2
Let r(k) = -12*k - 6 + 1 + 3 + 21*k. Let v(y) = 5*y - 1. Let u(m) = -4*r(m) + 7*v(m). Calculate u(3).
-2
Let p = 164 - 170. Let r(y) = 13*y**2 - 13*y + 19. Let s(h) = 7*h**2 - 6*h + 9. Let z be 68/6 - 3/9. Let v(o) = p*r(o) + z*s(o). What is v(11)?
-4
Let k(i) = -10*i + 58. Let o be k(5). Let n(f) = 10*f - 1. Let p(s) = -15*s + 2. Let b(m) = o*n(m) + 5*p(m). Calculate b(-2).
-8
Let d(l) = -l + 3. Let g be d(-2). Let i(r) = 9 + r**2 + 7*r - g + 2. Give i(-5).
-4
Let l(p) = -178 - 174 - 176 - 2*p**2 + 8*p**3 + 0*p - 2*p + 529. Give l(2).
53
Suppose 0 = 5*f + 4*u, -17*u = -22*u. Suppose -245*i + 254*i = f. Let s(q) = -q**2 + q - 39. Give s(i).
-39
Let a(w) = -10*w**3 + 16*w**2 + 51*w + 65. Let b(f) = 3*f**3 - 5*f**2 - 17*f - 21. Let l(g) = -2*a(g) - 7*b(g). Determine l(6).
11
Let r(l) be the third derivative of -l**5/60 + 25*l**4/24 + 17*l**3/6 + 111*l**2 - 9*l - 2. Give r(25).
17
Let f(y) = 2*y**2 - 24*y + 15. Let i(x) = -13*x + 8. Let g(h) = -5*f(h) + 9*i(h). Determine g(1).
-10
Let z(h) = 2*h**2 + 8322*h - 5*h**2 + 2*h**2 - 1 - 8317*h. Let v be (3/(-6))/((-3)/18). What is z(v)?
5
Let h(n) = -n**3 - 10*n**2 - 3*n. Suppose 0 = -3*w + x + 149, 5*w + 2*x + 98 = 7*w. Suppose 1056*m = 1051*m - w. What is h(m)?
30
Let m(q) = -11*q - 40. Let d be m(-4). Let t(z) = -2*z + 1 - 4 + d + 0. Give t(-5).
11
Suppose 10*u - 28 = 3*u. Let v(h) = 0*h + u*h - 4*h - 2*h**2 - h + 2*h. What is v(4)?
-28
Let j be -11 - (-2 + -19 - -12). Let f(l) be the third derivative of l**4/3 + 39*l**2. Calculate f(j).
-16
Let g(t) = 8*t. Suppose 5*p = 42*j - 38*j - 14, 5*j = -2*p + 34. What is g(p)?
16
Let p(g) = 2403*g**2 - 2*g - 2*g**3 + 5*g + 0*g**3 - 1197*g**2 - 1205*g**2 + 2. Determine p(3).
-34
Let f be (-1)/1 + (-2)/(-2). Suppose -28 = -9*l + 35. Let b(a) = -8*a**3 - 18*a + l*a**3 + a**2 - 9 + 17*a + 1. What is b(f)?
-8
Let l = 45 + -42. Let f(j) = 42*j + l + 38*j - 78*j. Suppose 0*z = 3*z + 6. Calculate f(z).
-1
Let a(u) = -2*u**2 + 6*u + 7. Suppose -2*o + 240 = 13*o. Suppose 8*t + o = 56. Calculate a(t).
-13
Let w(a) = 4*a**2 - 2*a + 4. Let m be 96/(-28) - 63/(-147). What is w(m)?
46
Let m = -693 - -695. Let t(i) = -2*i - 6*i**2 + i**3 + 10*i**m - 11 - 6*i. Calculate t(-5).
4
Let g = 1098 - 1087. Let q(j) = j**3 - 16*j**2 + 6*j + 9. Let z(u) = -u**2 - u. Let s(v) = -q(v) + 4*z(v). Give s(g).
2
Let y(v) = 327*v + 1302. Let w be y(-4). Let q(g) = g**3 + 8*g**2 + 6*g + 13. Give q(w).
49
Let q(s) = -s**3 - 6*s**2 - 2*s - 3. Let r = -167 + 215. Suppose r = -3*i - 5*i. What is q(i)?
9
Let o be (-637)/(-49)*6/26. Let k(n) = -9*n + 6*n + 4*n**3 - 8*n**3 - o + 3*n**3. Calculate k(-2).
11
Let h(r) be the first derivative of 7*r**5/10 - r**2/2 + 25*r - 10. Let v(q) be the first derivative of h(q). Calculate v(1).
13
Let w(j) = 45*j**2 + 36*j - 2. Let c(b) = -b**2 + 27*b + 123. Let m be c(31). Calculate w(m).
7
Let x(s) = s**2 + 11*s + 5. Suppose -43 = -3*b + q + 46, 34 = b + 4*q. Suppose b + 40 = m. Suppose -m - 29 = 9*l. Determine x(l).
5
Let b = 57 - 261. Let v be -8 + b/(-24) + 42/4. Let r(q) = -q**2 + 11*q - 11. Determine r(v).
-11
Let q(y) = -3*y + 26 + 6 - y + 4*y + 2*y. Give q(15).
62
Let c(r) = -r**3 + 7*r**2 + 13*r + 28. Let s be c(9). Let j be (-552)/68 + (-2)/s. Let u(a) = a**2 + 9*a + 7. Calculate u(j).
-1
Let c(t) be the second derivative of t**3/3 + 7*t**2 + 26*t. Let o be c(-10). Let r(u) be the first derivative of 3*u**2/2 + 3. What is r(o)?
-18
Let z(o) = -4*o - 11. Let u = -5180 - -5175. Give z(u).
9
Let n(v) be the third derivative of v**6/120 + v**5/6 + v**4/3 - 7*v**3/3 + 1960*v**2 - 2*v. What is n(-9)?
-5
Let o(g) = -7*g**3 + 16*g**2 + 3*g - 32. Let p(x) = 3*x**3 - 9*x**2 - 2*x + 19. Let h(v) = -2*o(v) - 5*p(v). Calculate h(13).
21
Suppose -5*p = -4*z + 17, -2*z + 3*p + 11 = -2*p. Let v(i) = -4*i**2 + 3*i + 1 - 6 + z + 5*i**2. Suppose -2*o = -3 + 13. Determine v(o).
8
Let a(q) = 2*q - 12. Suppose 0*b - y = 4*b - 73, 3*b + 2*y - 61 = 0. Let z(t) = -t**2 + 19*t - 21. Let k be z(b). Suppose 0 = 10*n - 103 + k. What is a(n)?
6
Let w(n) = n + 11. Let q be (15 - 13)*(10/(-5) + -33). Let o be (-10 + 1)/((-6)/(-42)). Let r = q - o. What is w(r)?
4
Let y(i) = -1. Let x(c) = 4*c - 8. Let s(q) = x(q) - 12*y(q). Let u(g) = g + 1. Let m(l) = -s(l) + 5*u(l). Suppose -2 = 2*o - 0. What is m(o)?
0
Let d(f) = 2811*f + 8 - 2 + 2824*f - 5636*f. Let t be (1 - 2) + 36/(-6). Let s = 14 + t. Calculate d(s).
-1
Suppose 17*i + 10*i - 11 - 16 = 0. Let z(l) = -6*l + 6*l + 18*l**2. Calculate z(i).
18
Let b(r) be the third derivative of r**6/120 + r**5/60 + r**3/3 - 74*r**2. Suppose 5*l - 25 = 10. Let c = l - 7. Calculate b(c).
2
Let p(a) = 2*a - 1. Suppose 54*n - 47*n - 840 = 0. Let u be ((-24)/n)/(2/10). What is p(u)?
-3
Let w(g) = -g**3 - 55*g**2 - 114*g - 440. Let z be w(-53). Let a(f) = f**2 + 17*f + 51. Calculate a(z).
35
Suppose 153 = 13*s - 19*s + 5*z, -2*z + 52 = -2*s. Let x(y) = 2*y - 25. Determine x(s).
-71
Let r(b) = b**3 + 13*b**2 + 18*b + 17. Suppose 0 = -4*v - 2*k - 50, 37*k - 41*k = v + 16. What is r(v)?
-55
Let o(r) = r**3 - r**2 - 1. Let y be 64/704 - ((-5312)/11 - 0). Let z = 485 - y. Calculate o(z).
3
Suppose 3*j + 3*g = -11 + 8, 5 = -j - 2*g. Let c(u) = -58*u + 171. What is c(j)?
-3
Let w(l) = l**3 + 9*l**2 + 3*l + 34. Let f(z) = -z**2 - 29*z - 63. Let j be f(-27). What is w(j)?
7
Let u(l) = 10*l**2 + 114*l + 52. Let r(v) = -3*v**2 - 36*v - 18. Let i(h) = 7*r(h) + 2*u(h). Determine i(-24).
-22
Let s = -210 + 216. Let k(r) = -r - 1. Let d(t) = -8*t - 9. Let f(n) = s*k(n) - d(n). Suppose 4*j = -0*j - 16. Give f(j).
-5
Let w(t) = -899*t + 1787*t - 894*t. Let s be -2*(1 + -2)*2. Let r(f) = f + 1. Let b(c) = s*r(c) + w(c). Calculate b(6).
-8
Let o(t) be the first derivative of -t**4/4 + 5*t**3/3 - t**2 + 2*t + 629. Let v be 4/2*(-5)/(-2). Calculate o(v).
-8
Let h(p) = -p + 0*p - 4 + 0*p. Let t be h(0). Let x(s) = -15490*s**2 + 7736*s**2 + 5*s + 7755*s**2 - 1. Calculate x(t).
-5
Let i(b) = b**2 - 3. Let a(x) = 3*x**2 - x - 7. Let v(k) = -k**2 + 5. Let r be v(-3). Let y(f) = r*a(f) + 10*i(f). Calculate y(5).
-32
Let z(k) be the first derivative of -k**5/60 - 11*k**4/24 - k**3/3 + k**2/2 + 25*k + 103. Let a(n) be the second derivative of z(n). Calculate a(-10).
8
Let a = 7 + -1. Let s be (-3)/a + (-18)/4. Let n(v) = 2*v**3 - 8*v**2 + 2*v - 12. Let k(d) = -d**3 + 2*d**2 - d + 6. Let w(